3623 is divided by 33700.
23
Calculate the remainder when 5078 is divided by 295.
63
Calculate the remainder when 1903838 is divided by 394.
30
What is the remainder when 10764257 is divided by 843?
833
Calculate the remainder when 95030 is divided by 94408.
622
What is the remainder when 12954519 is divided by 41?
36
What is the remainder when 695668 is divided by 138761?
1863
Calculate the remainder when 9721192 is divided by 19.
13
Calculate the remainder when 288300 is divided by 285268.
3032
What is the remainder when 12732473 is divided by 1499?
1466
What is the remainder when 314914 is divided by 62919?
319
Calculate the remainder when 177488 is divided by 7710.
158
Calculate the remainder when 291170 is divided by 123.
29
Calculate the remainder when 11164 is divided by 26.
10
What is the remainder when 17518734 is divided by 1416?
1398
What is the remainder when 3350413 is divided by 3512?
3477
Calculate the remainder when 1285630 is divided by 142827.
187
What is the remainder when 5030 is divided by 4990?
40
Calculate the remainder when 160936 is divided by 8008.
776
Calculate the remainder when 110705743 is divided by 540028.
3
What is the remainder when 777230 is divided by 154?
146
What is the remainder when 16750303 is divided by 751?
750
Calculate the remainder when 558985 is divided by 26.
11
Calculate the remainder when 1776824 is divided by 744.
152
Calculate the remainder when 26399075 is divided by 5016.
4883
Calculate the remainder when 415690175 is divided by 696.
695
What is the remainder when 9072 is divided by 232?
24
What is the remainder when 4835521 is divided by 1611609?
694
Calculate the remainder when 1155706 is divided by 7.
6
What is the remainder when 2777544 is divided by 4487?
91
Calculate the remainder when 82871 is divided by 61.
33
Calculate the remainder when 742320 is divided by 6085.
6035
What is the remainder when 307979 is divided by 235?
129
What is the remainder when 1548195 is divided by 862?
43
Calculate the remainder when 1375140 is divided by 3154.
3150
Calculate the remainder when 74094 is divided by 6409.
3595
Calculate the remainder when 43750 is divided by 1225.
875
What is the remainder when 396030 is divided by 171?
165
Calculate the remainder when 6812531 is divided by 2270842.
5
Calculate the remainder when 29483 is divided by 1030.
643
Calculate the remainder when 3629685 is divided by 900.
885
Calculate the remainder when 5962324 is divided by 737.
731
What is the remainder when 7831191 is divided by 22310?
381
What is the remainder when 15695726 is divided by 19?
16
What is the remainder when 8535522 is divided by 1219358?
16
What is the remainder when 267435 is divided by 3003?
168
Calculate the remainder when 713894268 is divided by 182.
178
Calculate the remainder when 4157023 is divided by 119.
115
Calculate the remainder when 86690 is divided by 3342.
3140
What is the remainder when 6234642 is divided by 47?
45
Calculate the remainder when 49033445 is divided by 2095.
2065
Calculate the remainder when 19636723 is divided by 549.
91
Calculate the remainder when 710155 is divided by 2082.
193
What is the remainder when 119304 is divided by 16903?
983
Calculate the remainder when 284562492 is divided by 6112.
6108
What is the remainder when 597902 is divided by 5024?
46
What is the remainder when 205438 is divided by 1022?
16
Calculate the remainder when 213709 is divided by 35576.
253
Calculate the remainder when 355122965 is divided by 814.
813
What is the remainder when 2572384 is divided by 724?
12
What is the remainder when 421896 is divided by 2748?
1452
What is the remainder when 22775235 is divided by 3?
0
Calculate the remainder when 109098151 is divided by 118.
71
Calculate the remainder when 1656214 is divided by 236601.
7
What is the remainder when 16501830 is divided by 69?
66
Calculate the remainder when 73491673 is divided by 124.
97
Calculate the remainder when 169901088 is divided by 949168.
16
Calculate the remainder when 38443648 is divided by 3075.
3073
What is the remainder when 23708622 is divided by 23708618?
4
Calculate the remainder when 2765753 is divided by 964.
37
What is the remainder when 9610368 is divided by 110?
108
What is the remainder when 45897775 is divided by 2415672?
7
Calculate the remainder when 38458 is divided by 1908.
298
What is the remainder when 1001381 is divided by 7529?
24
Calculate the remainder when 34474 is divided by 2565.
1129
What is the remainder when 114869334 is divided by 15?
9
Calculate the remainder when 2090412 is divided by 696788.
48
What is the remainder when 5187801 is divided by 94323?
36
What is the remainder when 16174906 is divided by 1121?
1118
What is the remainder when 52596 is divided by 10400?
596
What is the remainder when 29707 is divided by 1627?
421
What is the remainder when 7060641 is divided by 882579?
9
Calculate the remainder when 175993 is divided by 218.
67
Calculate the remainder when 2991513 is divided by 5449.
12
What is the remainder when 365066 is divided by 5000?
66
Calculate the remainder when 52510 is divided by 26041.
428
What is the remainder when 466339 is divided by 27?
22
What is the remainder when 1139920 is divided by 284975?
20
What is the remainder when 697506 is divided by 725?
56
Calculate the remainder when 30230 is divided by 156.
122
Calculate the remainder when 1079986 is divided by 497.
5
What is the remainder when 20322078 is divided by 143113?
32
Calculate the remainder when 15957227 is divided by 6773.
39
Calculate the remainder when 20579242 is divided by 10289617.
8
Calculate the remainder when 2330391 is divided by 63.
21
What is the remainder when 1861066 is divided by 2420?
86
What is the remainder when 131596 is divided by 346?
116
What is the remainder when 7856894 is divided by 29?
11
What is the remainder when 4900644 is divided by 1766?
1760
What is the remainder when 7743296 is divided by 25?
21
Calculate the remainder when 2104181 is divided by 1324.
345
Calculate the remainder when 419650 is divided by 209797.
56
Calculate the remainder when 5627463 is divided by 194.
105
What is the remainder when 1873191 is divided by 11781?
12
What is the remainder when 31794211 is divided by 4542005?
176
What is the remainder when 236963 is divided by 343?
293
What is the remainder when 489176 is divided by 742?
198
Calculate the remainder when 3594322 is divided by 7232.
18
What is the remainder when 8262 is divided by 3380?
1502
What is the remainder when 55239 is divided by 1062?
15
What is the remainder when 25652350 is divided by 438?
4
Calculate the remainder when 36811044 is divided by 647.
626
Calculate the remainder when 13492439 is divided by 1022.
1017
Calculate the remainder when 69508721 is divided by 55.
51
What is the remainder when 40724245 is divided by 163?
162
What is the remainder when 1379019 is divided by 180?
39
Calculate the remainder when 541583 is divided by 926.
799
Calculate the remainder when 119137994 is divided by 1420.
1414
What is the remainder when 743641 is divided by 633?
499
What is the remainder when 110580520 is divided by 231340?
0
Calculate the remainder when 498800 is divided by 20684.
2384
What is the remainder when 349626 is divided by 1802?
38
What is the remainder when 1288617 is divided by 481?
18
Calculate the remainder when 9535030 is divided by 32.
22
Calculate the remainder when 2410111 is divided by 1205054.
3
Calculate the remainder when 31516479 is divided by 3003.
2997
Calculate the remainder when 1555725 is divided by 51852.
165
Calculate the remainder when 99896246 is divided by 51.
47
Calculate the remainder when 238501 is divided by 34056.
109
Calculate the remainder when 213736 is divided by 316.
120
Calculate the remainder when 258250 is divided by 7.
6
What is the remainder when 729614 is divided by 11948?
786
Calculate the remainder when 18048068 is divided by 206.
202
Calculate the remainder when 139551 is divided by 139491.
60
Calculate the remainder when 1694009 is divided by 2002.
317
Calculate the remainder when 3225382 is divided by 4924.
162
What is the remainder when 8245314 is divided by 356?
354
What is the remainder when 22040 is divided by 21007?
1033
What is the remainder when 62095 is di